lculate the remainder when 4701275 is divided by 516.
515
Calculate the remainder when 7839 is divided by 1542.
129
What is the remainder when 35507 is divided by 134?
131
Calculate the remainder when 2876 is divided by 1275.
326
What is the remainder when 676504 is divided by 338251?
2
Calculate the remainder when 40317 is divided by 420.
417
Calculate the remainder when 95110 is divided by 95091.
19
Calculate the remainder when 216890 is divided by 7478.
28
What is the remainder when 301098 is divided by 258?
12
Calculate the remainder when 21239 is divided by 5.
4
Calculate the remainder when 5539 is divided by 559.
508
Calculate the remainder when 73519 is divided by 73514.
5
Calculate the remainder when 199125 is divided by 199065.
60
Calculate the remainder when 9763 is divided by 15.
13
Calculate the remainder when 4599 is divided by 460.
459
Calculate the remainder when 129390 is divided by 21563.
12
Calculate the remainder when 23478 is divided by 1972.
1786
Calculate the remainder when 5505 is divided by 162.
159
What is the remainder when 179497 is divided by 2528?
9
What is the remainder when 44142 is divided by 10?
2
What is the remainder when 10439 is divided by 3455?
74
What is the remainder when 1153 is divided by 453?
247
What is the remainder when 3246 is divided by 329?
285
Calculate the remainder when 1042451 is divided by 414.
413
Calculate the remainder when 25244 is divided by 1208.
1084
What is the remainder when 118835 is divided by 165?
35
Calculate the remainder when 13978 is divided by 118.
54
What is the remainder when 185645 is divided by 10?
5
Calculate the remainder when 15516 is divided by 452.
148
Calculate the remainder when 97563 is divided by 187.
136
What is the remainder when 200374 is divided by 151?
148
What is the remainder when 30875 is divided by 467?
53
Calculate the remainder when 7566 is divided by 956.
874
What is the remainder when 2254 is divided by 29?
21
Calculate the remainder when 17195 is divided by 86.
81
What is the remainder when 614 is divided by 189?
47
What is the remainder when 1426467 is divided by 40?
27
Calculate the remainder when 4355 is divided by 843.
140
What is the remainder when 258263 is divided by 526?
523
Calculate the remainder when 50121 is divided by 488.
345
What is the remainder when 52868 is divided by 85?
83
Calculate the remainder when 747883 is divided by 365.
363
What is the remainder when 47068 is divided by 10?
8
Calculate the remainder when 73929 is divided by 36881.
167
What is the remainder when 354038 is divided by 88508?
6
What is the remainder when 20954 is divided by 124?
122
Calculate the remainder when 1169362 is divided by 307.
306
What is the remainder when 13880 is divided by 4615?
35
Calculate the remainder when 175733 is divided by 35128.
93
Calculate the remainder when 79349 is divided by 109.
106
Calculate the remainder when 235296 is divided by 416.
256
What is the remainder when 59312 is divided by 860?
832
What is the remainder when 6547 is divided by 1629?
31
What is the remainder when 65722 is divided by 124?
2
Calculate the remainder when 2723 is divided by 564.
467
Calculate the remainder when 14709 is divided by 59.
18
What is the remainder when 453676 is divided by 77?
69
What is the remainder when 66806 is divided by 531?
431
What is the remainder when 48628 is divided by 24239?
150
Calculate the remainder when 35723 is divided by 384.
11
Calculate the remainder when 1280 is divided by 1145.
135
What is the remainder when 14174 is divided by 373?
0
Calculate the remainder when 7255 is divided by 130.
105
What is the remainder when 33911 is divided by 62?
59
Calculate the remainder when 59413 is divided by 20.
13
What is the remainder when 55770 is divided by 6?
0
Calculate the remainder when 682 is divided by 274.
134
What is the remainder when 5791 is divided by 5788?
3
What is the remainder when 6377 is divided by 236?
5
What is the remainder when 1119 is divided by 579?
540
What is the remainder when 12194 is divided by 2226?
1064
What is the remainder when 5086 is divided by 1013?
21
Calculate the remainder when 17653 is divided by 97.
96
What is the remainder when 5282 is divided by 2180?
922
Calculate the remainder when 1142 is divided by 139.
30
Calculate the remainder when 380100 is divided by 95014.
44
What is the remainder when 399 is divided by 14?
7
What is the remainder when 224358 is divided by 350?
8
Calculate the remainder when 29519 is divided by 90.
89
Calculate the remainder when 17142 is divided by 132.
114
What is the remainder when 17405 is divided by 263?
47
What is the remainder when 4255 is divided by 961?
411
What is the remainder when 11785 is divided by 187?
4
Calculate the remainder when 1962 is divided by 626.
84
Calculate the remainder when 3751 is divided by 207.
25
What is the remainder when 258444 is divided by 635?
634
Calculate the remainder when 1591873 is divided by 625.
623
What is the remainder when 2332 is divided by 63?
1
Calculate the remainder when 583 is divided by 55.
33
What is the remainder when 1844 is divided by 31?
15
Calculate the remainder when 4521 is divided by 1443.
192
Calculate the remainder when 72213 is divided by 547.
9
Calculate the remainder when 543912 is divided by 255.
252
Calculate the remainder when 39730 is divided by 39.
28
Calculate the remainder when 83843 is divided by 27941.
20
Calculate the remainder when 5436 is divided by 85.
81
Calculate the remainder when 2470 is divided by 496.
486
Calculate the remainder when 7695 is divided by 44.
39
What is the remainder when 31750 is divided by 2058?
880
What is the remainder when 5763 is divided by 37?
28
What is the remainder when 2482 is divided by 114?
88
What is the remainder when 2314 is divided by 1332?
982
Calculate the remainder when 218 is divided by 197.
21
What is the remainder when 1533 is divided by 27?
21
Calculate the remainder when 11839 is divided by 143.
113
What is the remainder when 211131 is divided by 27?
18
Calculate the remainder when 35914 is divided by 733.
730
What is the remainder when 11590 is divided by 131?
62
Calculate the remainder when 41676 is divided by 2975.
26
Calculate the remainder when 2761 is divided by 835.
256
Calculate the remainder when 2456950 is divided by 276.
274
Calculate the remainder when 31144 is divided by 139.
8
Calculate the remainder when 28373 is divided by 125.
123
What is the remainder when 179889 is divided by 342?
339
What is the remainder when 36621 is divided by 12180?
81
Calculate the remainder when 983 is divided by 348.
287
Calculate the remainder when 40376 is divided by 61.
55
What is the remainder when 609064 is divided by 304532?
0
What is the remainder when 27991 is divided by 2788?
111
What is the remainder when 960 is divided by 866?
94
What is the remainder when 12095 is divided by 1503?
71
What is the remainder when 16547 is divided by 447?
8
What is the remainder when 3663 is divided by 324?
99
What is the remainder when 22386 is divided by 7448?
42
What is the remainder when 5413 is divided by 1350?
13
Calculate the remainder when 85 is divided by 35.
15
Calculate the remainder when 28942 is divided by 827.
824
What is the remainder when 85554 is divided by 79?
76
What is the remainder when 814377 is divided by 60?
57
What is the remainder when 930093 is divided by 49?
24
What is the remainder when 8267 is divided by 63?
14
What is the remainder when 8147 is divided by 1985?
207
What is the remainder when 9251 is divided by 29?
0
Calculate the remainder when 1772 is divided by 175.
22
What is the remainder when 114154 is divided by 20?
14
What is the remainder when 1122 is divided by 119?
51
What is the remainder when 108020 is divided by 25?
20
What is the remainder when 2450 is divided by 122?
10
What is the remainder when 21117 is divided by 1111?
8
Calculate the remainder when 56585 is divided by 155.
10
What is the remainder when 12762 is divided by 111?
108
What is the remainder when 12529 is divided by 596?
13
Calculate the remainder when 20331 is divided by 1270.
11
What is the remainder when 1483 is divided by 1341?
142
What is the remainder when 16707 is divided by 595?
47
What is the remainder when 5036 is divided by 1565?